 the tens digit of 482818895?
9
What is the thousands digit of 188154335?
4
What is the hundreds digit of 588085693?
6
What is the millions digit of 59456510?
9
What is the millions digit of 77618507?
7
What is the millions digit of 105404823?
5
What is the millions digit of 3112721165?
2
What is the ten millions digit of 134328306?
3
What is the units digit of 48026850?
0
What is the hundred millions digit of 257562930?
2
What is the hundred thousands digit of 103780165?
7
What is the tens digit of 216688338?
3
What is the ten millions digit of 399741101?
9
What is the ten thousands digit of 41442393?
4
What is the ten millions digit of 6961614925?
6
What is the ten millions digit of 7927320839?
2
What is the ten millions digit of 4204822769?
0
What is the units digit of 45591863?
3
What is the hundred thousands digit of 1856541604?
5
What is the hundred thousands digit of 34014641?
0
What is the millions digit of 69869507?
9
What is the hundred thousands digit of 115368199?
3
What is the ten millions digit of 5674515329?
7
What is the tens digit of 7752749734?
3
What is the millions digit of 224940154?
4
What is the hundred thousands digit of 245575531?
5
What is the ten thousands digit of 43798045?
9
What is the hundred thousands digit of 468496134?
4
What is the hundred millions digit of 1230263028?
2
What is the hundred thousands digit of 114266820?
2
What is the hundreds digit of 906923788?
7
What is the hundred millions digit of 197796103?
1
What is the units digit of 152316325?
5
What is the billions digit of 1362737763?
1
What is the hundred millions digit of 108929469?
1
What is the hundred thousands digit of 16831799?
8
What is the tens digit of 2948795763?
6
What is the hundreds digit of 110696541?
5
What is the ten thousands digit of 62542706?
4
What is the thousands digit of 337623198?
3
What is the ten thousands digit of 1132126711?
2
What is the ten thousands digit of 23963038?
6
What is the ten thousands digit of 1579639170?
3
What is the hundred thousands digit of 2034126369?
1
What is the ten millions digit of 307381955?
0
What is the units digit of 960319376?
6
What is the millions digit of 237761931?
7
What is the ten millions digit of 372047956?
7
What is the ten thousands digit of 22194605?
9
What is the tens digit of 71781993?
9
What is the tens digit of 686983698?
9
What is the hundreds digit of 1003070168?
1
What is the ten thousands digit of 45817674?
1
What is the hundreds digit of 303380361?
3
What is the tens digit of 68707814?
1
What is the ten thousands digit of 62793643?
9
What is the tens digit of 22505915?
1
What is the hundreds digit of 6246665?
6
What is the ten millions digit of 5191114068?
9
What is the ten millions digit of 138210152?
3
What is the tens digit of 78621664?
6
What is the hundreds digit of 520434397?
3
What is the hundred millions digit of 414134034?
4
What is the hundred millions digit of 732279756?
7
What is the ten thousands digit of 339114714?
1
What is the hundred thousands digit of 1965516138?
5
What is the hundreds digit of 7757651?
6
What is the ten millions digit of 4887721721?
8
What is the units digit of 27859139?
9
What is the hundreds digit of 37648843?
8
What is the ten millions digit of 95903175?
9
What is the thousands digit of 761790980?
0
What is the billions digit of 2233254649?
2
What is the ten millions digit of 1201305059?
0
What is the ten thousands digit of 806392961?
9
What is the tens digit of 4074973358?
5
What is the hundred thousands digit of 6688511888?
5
What is the millions digit of 13782913?
3
What is the hundred thousands digit of 878730503?
7
What is the tens digit of 146055854?
5
What is the billions digit of 1089676377?
1
What is the thousands digit of 143547445?
7
What is the ten thousands digit of 49588318?
8
What is the ten millions digit of 93956056?
9
What is the hundred thousands digit of 25364462?
3
What is the ten millions digit of 619657714?
1
What is the hundreds digit of 903721652?
6
What is the hundred thousands digit of 162933074?
9
What is the hundred thousands digit of 1704069234?
0
What is the tens digit of 219829737?
3
What is the ten thousands digit of 716932608?
3
What is the hundred millions digit of 355604118?
3
What is the ten millions digit of 39099631?
3
What is the tens digit of 35119584?
8
What is the hundred thousands digit of 268819116?
8
What is the hundred thousands digit of 179248596?
2
What is the hundreds digit of 2412854957?
9
What is the millions digit of 11082065?
1
What is the units digit of 146169293?
3
What is the tens digit of 8236794493?
9
What is the millions digit of 40597823?
0
What is the hundred millions digit of 587210611?
5
What is the hundred thousands digit of 1606160297?
1
What is the hundred millions digit of 526233208?
5
What is the billions digit of 1766483726?
1
What is the ten thousands digit of 45233392?
3
What is the thousands digit of 649971786?
1
What is the thousands digit of 380995677?
5
What is the units digit of 3332603225?
5
What is the tens digit of 572748844?
4
What is the hundreds digit of 161974369?
3
What is the units digit of 69049043?
3
What is the hundreds digit of 655588714?
7
What is the millions digit of 2265165634?
5
What is the thousands digit of 147360820?
0
What is the units digit of 3774198264?
4
What is the ten thousands digit of 26879483?
7
What is the ten millions digit of 277248355?
7
What is the ten thousands digit of 14329853?
2
What is the millions digit of 1597982841?
7
What is the thousands digit of 3275395081?
5
What is the millions digit of 801466756?
1
What is the ten thousands digit of 171267987?
6
What is the millions digit of 371545465?
1
What is the ten millions digit of 396024973?
9
What is the units digit of 4502841074?
4
What is the tens digit of 714313247?
4
What is the units digit of 43527722?
2
What is the ten millions digit of 59187295?
5
What is the hundred thousands digit of 2727182525?
1
What is the millions digit of 1253943466?
3
What is the hundred millions digit of 1180389522?
1
What is the tens digit of 1299932?
3
What is the hundred millions digit of 8104511491?
1
What is the hundred thousands digit of 102729158?
7
What is the hundreds digit of 638628486?
4
What is the tens digit of 6361913143?
4
What is the hundred millions digit of 369688406?
3
What is the units digit of 5491959299?
9
What is the millions digit of 186097289?
6
What is the millions digit of 724825668?
4
What is the hundreds digit of 609711565?
5
What is the hundred millions digit of 706967379?
7
What is the hundreds digit of 50093952?
9
What is the hundred thousands digit of 1668576?
6
What is the ten millions digit of 1301393025?
0
What is the units digit of 96515396?
6
What is the tens digit of 113975457?
5
What is the hundreds digit of 358633951?
9
What is the ten thousands digit of 20677093?
7
What is the hundred thousands digit of 122457621?
4
What is the hundred thousands digit of 936870934?
8
What is the ten thousands digit of 3920275577?
7
What is the hundred thousands digit of 83572366?
5
What is the hundreds digit of 361573358?
3
What is the ten thousands digit of 144834779?
3
What is the billions digit of 1251629952?
1
What is the tens digit of 2162643290?
9
What is the billions digit of 1206947879?
1
What is the ten millions digit of 730399292?
3
What is the tens digit of 50921880?
8
What is the millions digit of 33070805?
3
What is the ten thousands digit of 535085573?
8
What is the ten millions digit of 1873941602?
7
What is the ten thousands digit of 44305163?
0
What is the units digit of 358590521?
1
What is the thousands digit of 1592372696?
2
What is the tens digit of 3104093000?
0
What is the millions digit of 117828421?
7
What is the thousands digit of 258945017?
5
What is the thousands digit of 3606030618?
0
What is the units digit of 6945001?
1
What is the millions digit of 655816563?
5
What is the ten thousands digit of 163358608?
5
What is the millions digit of 1581457102?
1
What is the hundred thousands digit of 6855860856?
8
What is the hundred thousands digit of 42127129?
1
What is the ten thousands digit of 103444891?
4
What is the millions digit of 999093645?
9
What is the units digit of 124194718?
8
What is the millions digit of 7653262889?
3